26677877
List the prime factors of 614373249.
3, 7, 29255869
List the prime factors of 263483605.
5, 7, 11, 684373
What are the prime factors of 2577546451?
23, 112067237
What are the prime factors of 3413804464?
2, 7, 1069, 28513
List the prime factors of 2307323.
1093, 2111
List the prime factors of 1156043959.
7, 7013, 23549
List the prime factors of 51062944.
2, 23, 69379
What are the prime factors of 932693865?
3, 5, 17, 43, 85061
List the prime factors of 5812629890.
2, 5, 31, 67, 279857
List the prime factors of 21077068.
2, 223, 23629
What are the prime factors of 188483772?
2, 3, 37, 439, 967
What are the prime factors of 6517849002?
2, 3, 7, 5171, 30011
What are the prime factors of 30614261?
30614261
List the prime factors of 3188165.
5, 61, 10453
List the prime factors of 271116634.
2, 43, 3152519
List the prime factors of 410330076.
2, 3, 13, 2630321
List the prime factors of 3894543462.
2, 3, 649090577
List the prime factors of 128341426.
2, 23, 31, 90001
What are the prime factors of 58451554?
2, 7, 31, 134681
What are the prime factors of 83062698?
2, 3, 349, 39667
List the prime factors of 313514631.
3, 3870551
List the prime factors of 1329872992.
2, 7, 5936933
What are the prime factors of 29474257?
29474257
What are the prime factors of 798096547?
293, 2723879
What are the prime factors of 215735085?
3, 5, 43, 111491
What are the prime factors of 153661740?
2, 3, 5, 19, 37, 3643
List the prime factors of 22464632.
2, 2808079
List the prime factors of 139636946.
2, 17, 4106969
What are the prime factors of 495442001?
43, 193, 59699
What are the prime factors of 78592782?
2, 3, 151, 223, 389
List the prime factors of 104138333.
13, 29, 276229
What are the prime factors of 82095719?
31, 2648249
What are the prime factors of 820019878?
2, 59, 6949321
What are the prime factors of 36482907?
3, 19, 41, 67, 233
What are the prime factors of 124747981?
124747981
What are the prime factors of 55017491?
17, 3236323
What are the prime factors of 382588224?
2, 3, 67, 29741
What are the prime factors of 1007396810?
2, 5, 7, 937, 15359
What are the prime factors of 58877670?
2, 3, 5, 1962589
List the prime factors of 231651640.
2, 5, 11, 41, 12841
List the prime factors of 713342958.
2, 3, 683, 174071
What are the prime factors of 140152849?
11197, 12517
List the prime factors of 179785237.
137, 1312301
List the prime factors of 141868114.
2, 70934057
List the prime factors of 18647497.
11, 41, 173, 239
What are the prime factors of 227637477?
3, 25293053
List the prime factors of 44549768.
2, 5568721
What are the prime factors of 10510001?
619, 16979
List the prime factors of 35996375.
5, 37, 43, 181
List the prime factors of 188241795.
3, 5, 7, 597593
What are the prime factors of 3403219261?
13, 261786097
List the prime factors of 2385181173.
3, 67, 11866573
What are the prime factors of 1671580507?
59, 28331873
List the prime factors of 21054330.
2, 3, 5, 11, 17, 139
List the prime factors of 1373286770.
2, 5, 137328677
List the prime factors of 5969748854.
2, 23, 2083, 62303
What are the prime factors of 903764457?
3, 47, 2136559
What are the prime factors of 914946791?
11, 47, 53, 33391
List the prime factors of 72233783.
47, 1536889
List the prime factors of 471281978.
2, 43, 5480023
List the prime factors of 129112298.
2, 7, 9222307
List the prime factors of 41557579.
7, 19, 271, 1153
List the prime factors of 1291280562.
2, 3, 11, 13, 167221
List the prime factors of 156353242.
2, 19, 83, 89, 557
What are the prime factors of 4917153384?
2, 3, 11, 13, 159193
List the prime factors of 20117475.
3, 5, 7, 53, 241
List the prime factors of 171728469.
3, 11, 211, 8221
List the prime factors of 813487421.
47, 773, 22391
What are the prime factors of 217114948?
2, 31, 1750927
List the prime factors of 3132134623.
3132134623
List the prime factors of 941175833.
13, 72398141
List the prime factors of 91198915.
5, 43, 97, 4373
What are the prime factors of 375198023?
375198023
List the prime factors of 3468845916.
2, 3, 96356831
List the prime factors of 13321358.
2, 6660679
What are the prime factors of 2290727863?
43, 499, 106759
List the prime factors of 69149221.
409, 169069
What are the prime factors of 533139341?
7, 76162763
What are the prime factors of 3038936554?
2, 67, 2221, 10211
List the prime factors of 286618537.
89, 3220433
List the prime factors of 53330971.
29, 1838999
What are the prime factors of 1823187605?
5, 364637521
What are the prime factors of 1733072?
2, 11, 43, 229
List the prime factors of 163148823.
3, 2014183
What are the prime factors of 529352385?
3, 5, 2843, 12413
List the prime factors of 152794751.
19, 457, 17597
What are the prime factors of 6215776?
2, 7, 27749
What are the prime factors of 384637522?
2, 31, 6203831
What are the prime factors of 156888288?
2, 3, 37, 14723
List the prime factors of 21271920.
2, 3, 5, 61, 1453
What are the prime factors of 2378045049?
3, 23, 34464421
List the prime factors of 253178850.
2, 3, 5, 1687859
List the prime factors of 390312262.
2, 433, 450707
List the prime factors of 63518747.
67, 948041
List the prime factors of 113161287.
3, 83, 331, 1373
What are the prime factors of 35505415?
5, 11, 367, 1759
List the prime factors of 26799883.
11, 2436353
What are the prime factors of 145334317?
145334317
List the prime factors of 4953609396.
2, 3, 17, 19, 426007
List the prime factors of 584488714.
2, 9311, 31387
What are the prime factors of 16372811?
7, 13, 25703
What are the prime factors of 613954960?
2, 5, 7674437
List the prime factors of 76326560.
2, 5, 37, 12893
What are the prime factors of 643724534?
2, 43, 2039, 3671
What are the prime factors of 274097152?
2, 7, 38239
What are the prime factors of 2165179987?
22717, 95311
What are the prime factors of 1425503262?
2, 3, 283, 839519
List the prime factors of 5083464.
2, 3, 211811
List the prime factors of 331584677.
17, 797, 24473
What are the prime factors of 41886135?
3, 5, 149, 6247
What are the prime factors of 1610345671?
11, 146395061
What are the prime factors of 1185672969?
3, 13, 10133957
List the prime factors of 585361576.
2, 19, 3851063
List the prime factors of 1406945533.
7, 83, 2421593
What are the prime factors of 60974807?
61, 79, 12653
What are the prime factors of 272231278?
2, 11, 19, 651271
List the prime factors of 453325355.
5, 7, 12952153
List the prime factors of 4531697526.
2, 3, 587, 1286683
List the prime factors of 445309320.
2, 3, 5, 631, 5881
What are the prime factors of 5583987707?
101, 107, 516701
List the prime factors of 75263287.
11, 43, 159119
What are the prime factors of 248481739?
11, 563, 40123
List the prime factors of 91862001.
3, 7, 11, 71, 1867
List the prime factors of 284123723.
13, 21855671
What are the prime factors of 53401020?
2, 3, 5, 19, 139, 337
List the prime factors of 327487559.
7, 46783937
List the prime factors of 149274787.
167, 281, 3181
What are the prime factors of 20411092?
2, 13, 19, 73, 283
What are the prime factors of 363580169?
41, 587, 15107
List the prime factors of 1255213792.
2, 7, 800519
List the prime factors of 40012451.
3607, 11093
List the prime factors of 42612659.
17, 149, 16823
List the prime factors of 272721580.
2, 5, 23, 592873
List the prime factors of 7725800514.
2, 3, 1287633419
What are the prime factors of 5734799816?
2, 716849977
List the prime factors of 12895809.
3, 17, 293, 863
List the prime factors of 550732319.
550732319
What are the prime factors of 14899111?
14899111
What are the prime factors of 1084667384?
2, 251, 540173
What are the prime factors of 2731190?
2, 5, 7, 11, 3547
List the prime factors of 53054356.
2, 73, 181693
List the prime factors of 18502095.
3, 5, 1233473
What are the prime factors of 1620285736?
2, 202535717
What are the prime factors of 7093006821?
3, 43, 73, 251071
List the prime factors of 280852739.
280852739
What are the prime factors of 66565258?
2, 811, 41039
What are the prime factors of 82853237?
71, 1166947
List the prime factors of 856945.
5, 367, 467
List the prime factors of 47774451.
3, 1399, 11383
What are the prime factors of 1964076336?
2, 3, 127, 11933
What are the prime factors of 221027492?
2, 7, 37, 191, 1117
What are the prime factors of 47425846?
2, 13, 29, 31,